{"id":130,"date":"2025-05-18T15:45:28","date_gmt":"2025-05-18T15:45:28","guid":{"rendered":"https:\/\/yvaarchiv.de\/yva\/?page_id=130"},"modified":"2026-04-17T07:57:42","modified_gmt":"2026-04-17T07:57:42","slug":"130-2","status":"publish","type":"page","link":"https:\/\/yvaarchiv.de\/yva\/","title":{"rendered":"Das YVA-Archiv\u00ae Berlin"},"content":{"rendered":"\n<figure class=\"wp-block-image size-large\"><img loading=\"lazy\" decoding=\"async\" width=\"768\" height=\"1024\" src=\"https:\/\/yvaarchiv.de\/yva\/wp-content\/uploads\/2025\/12\/CA6F0055-F794-4AFC-8AEA-571E7B05DE79_1_105_c.jpeg\" alt=\"\" class=\"wp-image-395\" srcset=\"https:\/\/yvaarchiv.de\/yva\/wp-content\/uploads\/2025\/12\/CA6F0055-F794-4AFC-8AEA-571E7B05DE79_1_105_c.jpeg 768w, https:\/\/yvaarchiv.de\/yva\/wp-content\/uploads\/2025\/12\/CA6F0055-F794-4AFC-8AEA-571E7B05DE79_1_105_c-225x300.jpeg 225w\" sizes=\"auto, (max-width: 768px) 100vw, 768px\" \/><\/figure>\n\n\n\n<div class=\"wp-block-group alignfull has-base-background-color has-background is-layout-flow wp-container-core-group-is-layout-047aaaf3 wp-block-group-is-layout-flow\" style=\"margin-top:var(--wp--preset--spacing--10);margin-bottom:var(--wp--preset--spacing--10);padding-top:0;padding-right:0;padding-bottom:0;padding-left:0\">\n<div class=\"wp-block-group has-global-padding is-content-justification-center is-layout-constrained wp-container-core-group-is-layout-8bb83c2e wp-block-group-is-layout-constrained\">\n<p class=\"has-text-align-left\"><strong>Das YVA-Archiv\u00ae Berlin<\/strong> rekonstruiert die fotografische Berliner Moderne vor 1945.<\/p>\n\n\n\n<p class=\"has-text-align-left\">Es forscht zu Bildproduktion, Netzwerken und Biografien von Fotografinnen und Fotografen der 1920er- und 1930er-Jahre und macht diese Arbeiten in kuratierter Form erneut zug\u00e4nglich.<\/p>\n\n\n\n<p>Das Archiv ist benannt nach der Fotografin <strong>Yva (Else Neul\u00e4nder-Simon, 1900 \u2013 vor dem 31.12.1944)<\/strong>, deren Werk exemplarisch f\u00fcr eine durch Verfolgung, Enteignung und Krieg zerst\u00f6rte Bildkultur steht. <br><\/p>\n\n\n\n<p><em>Die Arbeit des Archivs gliedert sich in sechs eng miteinander verbundene Bereiche:<\/em><\/p>\n\n\n\n<div style=\"height:12px\" aria-hidden=\"true\" class=\"wp-block-spacer\"><\/div>\n\n\n\n<ul class=\"wp-block-list\">\n<li>Ausstellungs- und Buchprojekte<\/li>\n<\/ul>\n\n\n\n<ul class=\"wp-block-list\">\n<li>Kuratorische Konzeption und Begleitung externer Projekte<\/li>\n<\/ul>\n\n\n\n<ul class=\"wp-block-list\">\n<li>Wissenschaftliche Beratung<br><em>(fotografische Moderne, Provenienz- und Erinnerungskontexte)<\/em><\/li>\n<\/ul>\n\n\n\n<ul class=\"wp-block-list\">\n<li>Forschung zu fotografischen Netzwerken, Ateliers und Produktionszusammenh\u00e4ngen<\/li>\n<\/ul>\n\n\n\n<ul class=\"wp-block-list\">\n<li>Rekonstruktion fragmentierter Werke, Archive und Nachl\u00e4sse<\/li>\n\n\n\n<li>Pr\u00fcfung von Best\u00e4nden, Nachl\u00e4ssen und Einzelwerken<\/li>\n<\/ul>\n\n\n\n<ul class=\"wp-block-list\">\n<li>Herausgabe von Editionen<\/li>\n<\/ul>\n<\/div>\n<\/div>\n\n\n\n<figure class=\"wp-block-gallery has-nested-images columns-default is-cropped wp-block-gallery-1 is-layout-flex wp-block-gallery-is-layout-flex\">\n<figure class=\"wp-block-image size-large\"><img loading=\"lazy\" decoding=\"async\" width=\"763\" height=\"1024\" data-id=\"489\" src=\"https:\/\/yvaarchiv.de\/yva\/wp-content\/uploads\/2026\/03\/0EE2DD5A-E45F-46F4-B6DD-3AC6E5FF437C-763x1024.jpeg\" alt=\"\" class=\"wp-image-489\" srcset=\"https:\/\/yvaarchiv.de\/yva\/wp-content\/uploads\/2026\/03\/0EE2DD5A-E45F-46F4-B6DD-3AC6E5FF437C-763x1024.jpeg 763w, https:\/\/yvaarchiv.de\/yva\/wp-content\/uploads\/2026\/03\/0EE2DD5A-E45F-46F4-B6DD-3AC6E5FF437C-224x300.jpeg 224w, https:\/\/yvaarchiv.de\/yva\/wp-content\/uploads\/2026\/03\/0EE2DD5A-E45F-46F4-B6DD-3AC6E5FF437C-768x1030.jpeg 768w, https:\/\/yvaarchiv.de\/yva\/wp-content\/uploads\/2026\/03\/0EE2DD5A-E45F-46F4-B6DD-3AC6E5FF437C-1145x1536.jpeg 1145w, https:\/\/yvaarchiv.de\/yva\/wp-content\/uploads\/2026\/03\/0EE2DD5A-E45F-46F4-B6DD-3AC6E5FF437C-1527x2048.jpeg 1527w, https:\/\/yvaarchiv.de\/yva\/wp-content\/uploads\/2026\/03\/0EE2DD5A-E45F-46F4-B6DD-3AC6E5FF437C-scaled.jpeg 1908w\" sizes=\"auto, (max-width: 763px) 100vw, 763px\" \/><\/figure>\n<\/figure>\n","protected":false},"excerpt":{"rendered":"<p>Das YVA-Archiv\u00ae Berlin rekonstruiert die fotografische Berliner Moderne vor 1945. Es forscht zu Bildproduktion, Netzwerken und Biografien von Fotografinnen und Fotografen der 1920er- und 1930er-Jahre und macht diese Arbeiten in kuratierter Form erneut zug\u00e4nglich. Das Archiv ist benannt nach der Fotografin Yva (Else Neul\u00e4nder-Simon, 1900 \u2013 vor dem 31.12.1944), deren Werk exemplarisch f\u00fcr eine durch [&hellip;]<\/p>\n","protected":false},"author":1,"featured_media":78,"parent":0,"menu_order":0,"comment_status":"closed","ping_status":"closed","template":"page-wide","meta":{"footnotes":""},"class_list":["post-130","page","type-page","status-publish","has-post-thumbnail","hentry"],"yoast_head":"<!-- This site is optimized with the Yoast SEO plugin v27.5 - https:\/\/yoast.com\/product\/yoast-seo-wordpress\/ -->\n<title>Das YVA-Archiv\u00ae Berlin - YVA Archiv\u00ae<\/title>\n<meta name=\"robots\" content=\"index, follow, max-snippet:-1, max-image-preview:large, max-video-preview:-1\" \/>\n<link rel=\"canonical\" href=\"https:\/\/yvaarchiv.de\/yva\/\" \/>\n<meta property=\"og:locale\" content=\"de_DE\" \/>\n<meta property=\"og:type\" content=\"article\" \/>\n<meta property=\"og:title\" content=\"Das YVA-Archiv\u00ae Berlin - YVA Archiv\u00ae\" \/>\n<meta property=\"og:description\" content=\"Das YVA-Archiv\u00ae Berlin rekonstruiert die fotografische Berliner Moderne vor 1945. Es forscht zu Bildproduktion, Netzwerken und Biografien von Fotografinnen und Fotografen der 1920er- und 1930er-Jahre und macht diese Arbeiten in kuratierter Form erneut zug\u00e4nglich. Das Archiv ist benannt nach der Fotografin Yva (Else Neul\u00e4nder-Simon, 1900 \u2013 vor dem 31.12.1944), deren Werk exemplarisch f\u00fcr eine durch [&hellip;]\" \/>\n<meta property=\"og:url\" content=\"https:\/\/yvaarchiv.de\/yva\/\" \/>\n<meta property=\"og:site_name\" content=\"YVA Archiv\u00ae\" \/>\n<meta property=\"article:modified_time\" content=\"2026-04-17T07:57:42+00:00\" \/>\n<meta property=\"og:image\" content=\"https:\/\/yvaarchiv.de\/yva\/wp-content\/uploads\/2025\/05\/Selbstbildnis.png\" \/>\n\t<meta property=\"og:image:width\" content=\"1024\" \/>\n\t<meta property=\"og:image:height\" content=\"647\" \/>\n\t<meta property=\"og:image:type\" content=\"image\/png\" \/>\n<meta name=\"twitter:card\" content=\"summary_large_image\" \/>\n<meta name=\"twitter:label1\" content=\"Gesch\u00e4tzte Lesezeit\" \/>\n\t<meta name=\"twitter:data1\" content=\"2\u00a0Minuten\" \/>\n<script type=\"application\/ld+json\" class=\"yoast-schema-graph\">{\"@context\":\"https:\\\/\\\/schema.org\",\"@graph\":[{\"@type\":\"WebPage\",\"@id\":\"https:\\\/\\\/yvaarchiv.de\\\/yva\\\/\",\"url\":\"https:\\\/\\\/yvaarchiv.de\\\/yva\\\/\",\"name\":\"Das YVA-Archiv\u00ae Berlin - YVA Archiv\u00ae\",\"isPartOf\":{\"@id\":\"https:\\\/\\\/yvaarchiv.de\\\/yva\\\/#website\"},\"primaryImageOfPage\":{\"@id\":\"https:\\\/\\\/yvaarchiv.de\\\/yva\\\/#primaryimage\"},\"image\":{\"@id\":\"https:\\\/\\\/yvaarchiv.de\\\/yva\\\/#primaryimage\"},\"thumbnailUrl\":\"https:\\\/\\\/yvaarchiv.de\\\/yva\\\/wp-content\\\/uploads\\\/2025\\\/05\\\/Selbstbildnis.png\",\"datePublished\":\"2025-05-18T15:45:28+00:00\",\"dateModified\":\"2026-04-17T07:57:42+00:00\",\"breadcrumb\":{\"@id\":\"https:\\\/\\\/yvaarchiv.de\\\/yva\\\/#breadcrumb\"},\"inLanguage\":\"de\",\"potentialAction\":[{\"@type\":\"ReadAction\",\"target\":[\"https:\\\/\\\/yvaarchiv.de\\\/yva\\\/\"]}]},{\"@type\":\"ImageObject\",\"inLanguage\":\"de\",\"@id\":\"https:\\\/\\\/yvaarchiv.de\\\/yva\\\/#primaryimage\",\"url\":\"https:\\\/\\\/yvaarchiv.de\\\/yva\\\/wp-content\\\/uploads\\\/2025\\\/05\\\/Selbstbildnis.png\",\"contentUrl\":\"https:\\\/\\\/yvaarchiv.de\\\/yva\\\/wp-content\\\/uploads\\\/2025\\\/05\\\/Selbstbildnis.png\",\"width\":1024,\"height\":647},{\"@type\":\"BreadcrumbList\",\"@id\":\"https:\\\/\\\/yvaarchiv.de\\\/yva\\\/#breadcrumb\",\"itemListElement\":[{\"@type\":\"ListItem\",\"position\":1,\"name\":\"Startseite\",\"item\":\"https:\\\/\\\/yvaarchiv.de\\\/yva\\\/\"},{\"@type\":\"ListItem\",\"position\":2,\"name\":\"Das YVA-Archiv\u00ae Berlin\"}]},{\"@type\":\"WebSite\",\"@id\":\"https:\\\/\\\/yvaarchiv.de\\\/yva\\\/#website\",\"url\":\"https:\\\/\\\/yvaarchiv.de\\\/yva\\\/\",\"name\":\"YVA Archiv\u00ae\",\"description\":\"\",\"publisher\":{\"@id\":\"https:\\\/\\\/yvaarchiv.de\\\/yva\\\/#organization\"},\"potentialAction\":[{\"@type\":\"SearchAction\",\"target\":{\"@type\":\"EntryPoint\",\"urlTemplate\":\"https:\\\/\\\/yvaarchiv.de\\\/yva\\\/?s={search_term_string}\"},\"query-input\":{\"@type\":\"PropertyValueSpecification\",\"valueRequired\":true,\"valueName\":\"search_term_string\"}}],\"inLanguage\":\"de\"},{\"@type\":\"Organization\",\"@id\":\"https:\\\/\\\/yvaarchiv.de\\\/yva\\\/#organization\",\"name\":\"YVA Archiv\u00ae\",\"url\":\"https:\\\/\\\/yvaarchiv.de\\\/yva\\\/\",\"logo\":{\"@type\":\"ImageObject\",\"inLanguage\":\"de\",\"@id\":\"https:\\\/\\\/yvaarchiv.de\\\/yva\\\/#\\\/schema\\\/logo\\\/image\\\/\",\"url\":\"https:\\\/\\\/yvaarchiv.de\\\/yva\\\/wp-content\\\/uploads\\\/2025\\\/05\\\/cropped-yva-archiv-logo_1024.png\",\"contentUrl\":\"https:\\\/\\\/yvaarchiv.de\\\/yva\\\/wp-content\\\/uploads\\\/2025\\\/05\\\/cropped-yva-archiv-logo_1024.png\",\"width\":512,\"height\":512,\"caption\":\"YVA Archiv\u00ae\"},\"image\":{\"@id\":\"https:\\\/\\\/yvaarchiv.de\\\/yva\\\/#\\\/schema\\\/logo\\\/image\\\/\"}}]}<\/script>\n<!-- \/ Yoast SEO plugin. -->","yoast_head_json":{"title":"Das YVA-Archiv\u00ae Berlin - YVA Archiv\u00ae","robots":{"index":"index","follow":"follow","max-snippet":"max-snippet:-1","max-image-preview":"max-image-preview:large","max-video-preview":"max-video-preview:-1"},"canonical":"https:\/\/yvaarchiv.de\/yva\/","og_locale":"de_DE","og_type":"article","og_title":"Das YVA-Archiv\u00ae Berlin - YVA Archiv\u00ae","og_description":"Das YVA-Archiv\u00ae Berlin rekonstruiert die fotografische Berliner Moderne vor 1945. Es forscht zu Bildproduktion, Netzwerken und Biografien von Fotografinnen und Fotografen der 1920er- und 1930er-Jahre und macht diese Arbeiten in kuratierter Form erneut zug\u00e4nglich. Das Archiv ist benannt nach der Fotografin Yva (Else Neul\u00e4nder-Simon, 1900 \u2013 vor dem 31.12.1944), deren Werk exemplarisch f\u00fcr eine durch [&hellip;]","og_url":"https:\/\/yvaarchiv.de\/yva\/","og_site_name":"YVA Archiv\u00ae","article_modified_time":"2026-04-17T07:57:42+00:00","og_image":[{"width":1024,"height":647,"url":"https:\/\/yvaarchiv.de\/yva\/wp-content\/uploads\/2025\/05\/Selbstbildnis.png","type":"image\/png"}],"twitter_card":"summary_large_image","twitter_misc":{"Gesch\u00e4tzte Lesezeit":"2\u00a0Minuten"},"schema":{"@context":"https:\/\/schema.org","@graph":[{"@type":"WebPage","@id":"https:\/\/yvaarchiv.de\/yva\/","url":"https:\/\/yvaarchiv.de\/yva\/","name":"Das YVA-Archiv\u00ae Berlin - YVA Archiv\u00ae","isPartOf":{"@id":"https:\/\/yvaarchiv.de\/yva\/#website"},"primaryImageOfPage":{"@id":"https:\/\/yvaarchiv.de\/yva\/#primaryimage"},"image":{"@id":"https:\/\/yvaarchiv.de\/yva\/#primaryimage"},"thumbnailUrl":"https:\/\/yvaarchiv.de\/yva\/wp-content\/uploads\/2025\/05\/Selbstbildnis.png","datePublished":"2025-05-18T15:45:28+00:00","dateModified":"2026-04-17T07:57:42+00:00","breadcrumb":{"@id":"https:\/\/yvaarchiv.de\/yva\/#breadcrumb"},"inLanguage":"de","potentialAction":[{"@type":"ReadAction","target":["https:\/\/yvaarchiv.de\/yva\/"]}]},{"@type":"ImageObject","inLanguage":"de","@id":"https:\/\/yvaarchiv.de\/yva\/#primaryimage","url":"https:\/\/yvaarchiv.de\/yva\/wp-content\/uploads\/2025\/05\/Selbstbildnis.png","contentUrl":"https:\/\/yvaarchiv.de\/yva\/wp-content\/uploads\/2025\/05\/Selbstbildnis.png","width":1024,"height":647},{"@type":"BreadcrumbList","@id":"https:\/\/yvaarchiv.de\/yva\/#breadcrumb","itemListElement":[{"@type":"ListItem","position":1,"name":"Startseite","item":"https:\/\/yvaarchiv.de\/yva\/"},{"@type":"ListItem","position":2,"name":"Das YVA-Archiv\u00ae Berlin"}]},{"@type":"WebSite","@id":"https:\/\/yvaarchiv.de\/yva\/#website","url":"https:\/\/yvaarchiv.de\/yva\/","name":"YVA Archiv\u00ae","description":"","publisher":{"@id":"https:\/\/yvaarchiv.de\/yva\/#organization"},"potentialAction":[{"@type":"SearchAction","target":{"@type":"EntryPoint","urlTemplate":"https:\/\/yvaarchiv.de\/yva\/?s={search_term_string}"},"query-input":{"@type":"PropertyValueSpecification","valueRequired":true,"valueName":"search_term_string"}}],"inLanguage":"de"},{"@type":"Organization","@id":"https:\/\/yvaarchiv.de\/yva\/#organization","name":"YVA Archiv\u00ae","url":"https:\/\/yvaarchiv.de\/yva\/","logo":{"@type":"ImageObject","inLanguage":"de","@id":"https:\/\/yvaarchiv.de\/yva\/#\/schema\/logo\/image\/","url":"https:\/\/yvaarchiv.de\/yva\/wp-content\/uploads\/2025\/05\/cropped-yva-archiv-logo_1024.png","contentUrl":"https:\/\/yvaarchiv.de\/yva\/wp-content\/uploads\/2025\/05\/cropped-yva-archiv-logo_1024.png","width":512,"height":512,"caption":"YVA Archiv\u00ae"},"image":{"@id":"https:\/\/yvaarchiv.de\/yva\/#\/schema\/logo\/image\/"}}]}},"jetpack_sharing_enabled":true,"_links":{"self":[{"href":"https:\/\/yvaarchiv.de\/yva\/index.php\/wp-json\/wp\/v2\/pages\/130","targetHints":{"allow":["GET"]}}],"collection":[{"href":"https:\/\/yvaarchiv.de\/yva\/index.php\/wp-json\/wp\/v2\/pages"}],"about":[{"href":"https:\/\/yvaarchiv.de\/yva\/index.php\/wp-json\/wp\/v2\/types\/page"}],"author":[{"embeddable":true,"href":"https:\/\/yvaarchiv.de\/yva\/index.php\/wp-json\/wp\/v2\/users\/1"}],"replies":[{"embeddable":true,"href":"https:\/\/yvaarchiv.de\/yva\/index.php\/wp-json\/wp\/v2\/comments?post=130"}],"version-history":[{"count":56,"href":"https:\/\/yvaarchiv.de\/yva\/index.php\/wp-json\/wp\/v2\/pages\/130\/revisions"}],"predecessor-version":[{"id":555,"href":"https:\/\/yvaarchiv.de\/yva\/index.php\/wp-json\/wp\/v2\/pages\/130\/revisions\/555"}],"wp:featuredmedia":[{"embeddable":true,"href":"https:\/\/yvaarchiv.de\/yva\/index.php\/wp-json\/wp\/v2\/media\/78"}],"wp:attachment":[{"href":"https:\/\/yvaarchiv.de\/yva\/index.php\/wp-json\/wp\/v2\/media?parent=130"}],"curies":[{"name":"wp","href":"https:\/\/api.w.org\/{rel}","templated":true}]}}